{"id":2,"date":"2015-04-17T11:20:38","date_gmt":"2015-04-17T11:20:38","guid":{"rendered":"http:\/\/stiffel.me\/?page_id=2"},"modified":"2015-04-17T11:44:04","modified_gmt":"2015-04-17T11:44:04","slug":"sample-page","status":"publish","type":"page","link":"https:\/\/sebastian.stiffel.me\/?page_id=2","title":{"rendered":"\u00dcber"},"content":{"rendered":"<p>Dies ist die Seite von Sebastian Stiffel.<\/p>\n","protected":false},"excerpt":{"rendered":"<p>Dies ist die Seite von Sebastian Stiffel.<\/p>\n","protected":false},"author":1,"featured_media":0,"parent":0,"menu_order":0,"comment_status":"open","ping_status":"open","template":"template-about.php","meta":{"jetpack_post_was_ever_published":false,"footnotes":""},"class_list":["post-2","page","type-page","status-publish","hentry"],"jetpack_sharing_enabled":true,"jetpack_shortlink":"https:\/\/wp.me\/P69OB9-2","jetpack-related-posts":[{"id":18,"url":"https:\/\/sebastian.stiffel.me\/?page_id=18","url_meta":{"origin":2,"position":0},"title":"Impressum","author":"sstiffel","date":"April 17, 2015","format":false,"excerpt":"Angaben gem\u00e4\u00df \u00a7 5 TMG Sebastian Stiffel Untere Dorfstr. 2c 84072 Au i.d. Hallertau Kontakt Telefon: +49 (0) 177 172 69 00 E-Mail: sebastian.stiffel@gmail.com Verantwortlich f\u00fcr den Inhalt nach \u00a7 55 Abs. 2 RStV Sebastian Stiffel Untere Dorfstr. 2c 84072 Au i.d. Hallertau","rel":"","context":"\u00c4hnlicher Beitrag","block_context":{"text":"\u00c4hnlicher Beitrag","link":""},"img":{"alt_text":"","src":"","width":0,"height":0},"classes":[]},{"id":16,"url":"https:\/\/sebastian.stiffel.me\/?page_id=16","url_meta":{"origin":2,"position":1},"title":"Kontakt","author":"sstiffel","date":"April 17, 2015","format":false,"excerpt":"Sebastian Stiffel Eichenstra\u00dfe 11 85609 Aschheim Kontakt Telefon: +49 (0) 177 172 69 00 E-Mail: sebastian.stiffel@gmail.com","rel":"","context":"\u00c4hnlicher Beitrag","block_context":{"text":"\u00c4hnlicher Beitrag","link":""},"img":{"alt_text":"","src":"","width":0,"height":0},"classes":[]},{"id":22,"url":"https:\/\/sebastian.stiffel.me\/?page_id=22","url_meta":{"origin":2,"position":2},"title":"Fotos","author":"sstiffel","date":"April 17, 2015","format":false,"excerpt":"Fotosammlung...","rel":"","context":"\u00c4hnlicher Beitrag","block_context":{"text":"\u00c4hnlicher Beitrag","link":""},"img":{"alt_text":"","src":"","width":0,"height":0},"classes":[]}],"_links":{"self":[{"href":"https:\/\/sebastian.stiffel.me\/index.php?rest_route=\/wp\/v2\/pages\/2","targetHints":{"allow":["GET"]}}],"collection":[{"href":"https:\/\/sebastian.stiffel.me\/index.php?rest_route=\/wp\/v2\/pages"}],"about":[{"href":"https:\/\/sebastian.stiffel.me\/index.php?rest_route=\/wp\/v2\/types\/page"}],"author":[{"embeddable":true,"href":"https:\/\/sebastian.stiffel.me\/index.php?rest_route=\/wp\/v2\/users\/1"}],"replies":[{"embeddable":true,"href":"https:\/\/sebastian.stiffel.me\/index.php?rest_route=%2Fwp%2Fv2%2Fcomments&post=2"}],"version-history":[{"count":2,"href":"https:\/\/sebastian.stiffel.me\/index.php?rest_route=\/wp\/v2\/pages\/2\/revisions"}],"predecessor-version":[{"id":7,"href":"https:\/\/sebastian.stiffel.me\/index.php?rest_route=\/wp\/v2\/pages\/2\/revisions\/7"}],"wp:attachment":[{"href":"https:\/\/sebastian.stiffel.me\/index.php?rest_route=%2Fwp%2Fv2%2Fmedia&parent=2"}],"curies":[{"name":"wp","href":"https:\/\/api.w.org\/{rel}","templated":true}]}}